3). Determine k(z).
5
Suppose 4*b + 2*q = 32, 3*b - 5*q + 38 = 6*b. Suppose 14 = -m + b. Let t(n) = -2*n + 3 + n - 14 + 4. What is t(m)?
1
Let u(p) = 1 - 4*p - 751*p**2 - 749*p**2 + 1506*p**2 - 2*p**3. Calculate u(4).
-47
Let j(a) = -a**3 + 5*a**2 - 4*a + 2. Suppose -49*w - 32 = -57*w. What is j(w)?
2
Let g(v) = v**3 - v**2 + 2*v + 1. Suppose -13 = 6*h - 9*h + k, -2*h + 26 = -5*k. Calculate g(h).
25
Let o(t) be the first derivative of t**4/2 + t**3/3 - t**2 - 87. Calculate o(-2).
-8
Suppose -5*h + 25 = y, 4*y = -25*h + 23*h + 28. Let a = 9 - 5. Let b(p) = 2*p - a*p + 5 - 4. What is b(y)?
-9
Suppose -3*d = b - 0*b - 6, -d + 1 = 0. Let n(m) = -22 + 44 + 3*m + m**b - 21 + 6*m**2. Calculate n(-2).
11
Let x(m) = -m. Suppose -19 + 67 = -2*y. Let z be (5/(-4))/((-6)/y). Calculate x(z).
5
Let g(h) = 13*h + 33. Let k(d) = 9*d + 24. Let b(r) = -5*g(r) + 7*k(r). What is b(-5)?
13
Let z be 7/(-1 - (-2 + 0)). Let l(j) = -19 + j**2 + 7 - z*j + 16. What is l(6)?
-2
Suppose x + 6 = d + d, x = -d. Suppose r + d*r = 3. Let k(n) = -n**2 + n. Give k(r).
0
Let c(t) = t**2 + 2*t - 3. Let j = 157 - 109. Suppose -18*b - j = -6*b. What is c(b)?
5
Suppose -55 = -0*l - 11*l. Let n(s) = -s**2 - 7. Determine n(l).
-32
Let v(b) be the third derivative of b**6/120 - 13*b**5/60 - b**4/12 + 13*b**3/3 + 11*b**2 + 1. Calculate v(13).
0
Let q(x) = -x**3 + 5*x**2 + 6*x + 5. Suppose 5*p + 27 = 5*t - 3, -3*t - 4*p = -18. Suppose 4*n = -58 + t. Let r be (n - -4)*2/(-3). What is q(r)?
5
Let k(x) = 5*x - 3. Let q(v) = -21*v + 13. Let b(r) = 18*k(r) + 4*q(r). Give b(1).
4
Let m(w) = -w**3 - 9*w**2 - 7*w + 4. Suppose -3*k + 35 = z, z + 0*z - 33 = -4*k. Let q = -49 + z. Give m(q).
-4
Let a(g) = 3*g - 4 + 533*g**2 - 2*g**3 + 3*g**3 - 269*g**2 - 268*g**2. Give a(4).
8
Let k be (4/7)/((-14)/(-49)). Let p be (-4)/k*(-25)/10. Let j(v) = -p + 0 + 7 - 2*v. Calculate j(2).
-2
Let c(l) = -2*l**2. Let s = 138 - 131. Let o(z) = 3*z - 20. Let m be o(s). Calculate c(m).
-2
Let n be (-6)/(-3) - (-1 + -4). Let t(o) = -6 - n - 3 + 10 + o. Let z(r) = -r**3 - 6*r**2 - 6*r - 5. Let h be z(-5). Give t(h).
-6
Let m(q) = 3*q + 2. Let f(p) = 2*p + 2. Suppose 3*o - 28 = -16. Let w(n) = o*f(n) - 3*m(n). Determine w(-3).
5
Let y = -7 + 3. Let r = y - -9. Suppose -r*t - f + 32 = f, 5*f + 19 = 4*t. Let c(k) = -k + 8. Determine c(t).
2
Let h(s) = 5*s**3 + 11*s**2 - 2*s - 5. Let d(b) = 7*b**3 + 12*b**2 - 2*b - 6. Let w(n) = -3*d(n) + 4*h(n). Give w(8).
-18
Let y(q) = -4*q**2 + 4*q - 51. Let f(p) = -11*p**2 + 13*p - 133. Let u(o) = -3*f(o) + 8*y(o). Suppose 0 = -0*a - 3*a + 24. Give u(a).
-1
Let q(x) = -x**2 - 22*x - 6. Let s(k) = 3*k. Let h(p) = -q(p) - 4*s(p). What is h(-8)?
-10
Let o(n) = 12*n**2 - 92*n + 93*n - 10*n**2. Give o(-1).
1
Let j(k) = -2*k**3 - 5*k**2 - 3*k - 4. Suppose -4*t - 13 = -s, 2*t + 2*s = -0*t - 4. Calculate j(t).
14
Let s(t) = -5*t**3 + 7*t**2 - 4*t + 1. Let u(q) = 12*q**3 - 15*q**2 + 8*q - 1. Let h(b) = 7*s(b) + 3*u(b). Let v = -13 - -8. Give h(v).
-1
Let i(o) = o**2 - 2*o - 9. Let a(y) = -y**2 + 2*y + 8. Let j(x) = 4*a(x) + 3*i(x). Give j(4).
-3
Let n(o) = -8*o**2 + 5 + 9*o**2 + 11*o + 0*o - 1. Calculate n(-9).
-14
Let h(v) be the first derivative of v**6/90 + v**5/60 + v**4/24 - 16*v**3/3 - 1. Let y(u) be the third derivative of h(u). Determine y(-1).
3
Let m(k) be the first derivative of -5*k**2/2 - 12*k + 634. Give m(7).
-47
Let u(m) be the second derivative of m**3/3 + 19*m**2/2 - 15*m + 13. Determine u(-11).
-3
Let j(p) be the third derivative of -p**6/120 + p**5/30 + p**4/6 + p**3/2 - 250*p**2. Give j(-2).
11
Suppose -5 = 3*u - 11. Let s = 13 + -3. Suppose 0*w = u*w + s. Let r(i) = i**2 + 2*i - 6. Give r(w).
9
Let b(t) = 3*t**2 + 2*t + 9. Let s(o) = -8*o + 0*o + 13 + 5*o**2 + 11*o. Let m(z) = 8*b(z) - 5*s(z). What is m(0)?
7
Let b(i) = i**3 + 5 + 0*i**3 - 2 + 7*i + 5*i**2 + 1. Determine b(-4).
-8
Let z(i) = 2 - 3*i + 22*i**2 + 0 - 23*i**2. Let a be (-11)/(-2) + 2/(-4). Suppose -a*v + 0*v + 10 = 0. Give z(v).
-8
Let q be (10 - 4)*(-1)/(-2). Let b = q + -3. Suppose b = -v + a - 3, v + 5*a - 29 = -v. Let y(h) = -h**2 - 2. Calculate y(v).
-6
Let s(j) = 7*j**3 - 5*j**2 + 5*j - 6. Let z(r) = r**2 - r + 1. Let g(i) = -s(i) - 6*z(i). Suppose -4*n + 3 = -4*p - 13, -4*n = -2*p - 18. Calculate g(p).
-7
Let i be 30/(-24)*8*-1. Suppose -9*c - c - i = 0. Let p(d) = 1. Let m(j) = -2*j - 6. Let b(f) = -m(f) - 6*p(f). Give b(c).
-2
Suppose 0 = 23*o + 299 - 1104. Let k(w) = -3*w + 103. Determine k(o).
-2
Let l(s) be the third derivative of -s**4/6 + 2*s**3/3 + 113*s**2. Give l(5).
-16
Let p(q) = q**3 + 4*q**2 + 7*q + 4. Suppose 0 = k + 4*o + 2, -10 = 5*k + 4*o + o. Determine p(k).
-2
Let t(s) be the first derivative of 5*s + 0*s**2 - 5 - 1/6*s**3. Let b(i) be the first derivative of t(i). Determine b(-1).
1
Let w(p) = 2*p**2 - 4*p + 4. Suppose q = -74 + 77. Give w(q).
10
Let z(o) = -5*o + 2*o + 2 - 2*o. Suppose 345*w - 332*w + 26 = 0. Determine z(w).
12
Let x(a) = 2*a + 6. Let m be (12 + -4 - 0) + -2. Suppose m - 41 = 7*z. Determine x(z).
-4
Let a(u) = -u**2 + 32*u - 57. Let i be a(30). Let v(y) be the second derivative of 10*y - 1/6*y**i + y**2 + 0. What is v(-5)?
7
Let c(p) = 5. Let t(m) = 3*m + 5. Let n(l) = 3*c(l) - 2*t(l). What is n(4)?
-19
Let c(u) be the third derivative of 0 - 1/6*u**3 + 1/24*u**4 + 0*u + 9*u**2. Suppose 2*n + 1 = -b, 4*n = -0*b + 4*b - 20. Calculate c(b).
2
Let t(v) = 3*v - 6. Let f be (1 + 1)*((-4)/8 + 3). Let c(y) = -4*y + 9. Let u(w) = f*c(w) + 8*t(w). Calculate u(2).
5
Let j(c) = 7*c**2 - 952*c + 9*c**2 + 941*c - 3 - 2 - 17*c**2. What is j(-9)?
13
Let f(m) = 5*m - 4. Let z(o) be the first derivative of 0*o - 1/2*o**2 + 11. Let y(k) = f(k) + 4*z(k). Give y(5).
1
Let z(x) be the second derivative of -x**4/12 - x**2 + 11*x - 2. Determine z(-2).
-6
Let g(y) be the second derivative of -y**4/12 + 4*y**3/3 - 5*y**2/2 - 4*y - 11. Give g(7).
2
Let n(y) be the first derivative of y**3 + 3/2*y**2 - 5*y - 14 - 1/4*y**4. Give n(4).
-9
Let q(s) be the first derivative of s**2 - 4*s - 2. Let n(r) be the second derivative of -r**2/2 + 4*r. Let l(f) = 5*n(f) - q(f). Give l(-3).
5
Let q(y) = -y. Let t be 14/63 + 40/(-18). Let i be 1/(412/(-208) - t). Suppose 5*k = 4*g - i, -4*k = -5*g + k + 60. Determine q(g).
-8
Let q(y) = 7*y + 16. Let j(x) = -x - 3. Let w(z) = -5*j(z) - q(z). Let g(t) = t**3 + 2*t - 2. Let s be g(0). What is w(s)?
3
Let r(a) be the second derivative of a**6/120 + a**5/30 + a**4/24 + a**3/3 - a**2/2 - 17*a. Let g(c) be the first derivative of r(c). Determine g(-2).
0
Let j(z) = -z**2 + z - 1. Let n(v) = 2*v**2 - 13*v + 9. Let l(x) = 3*j(x) + n(x). Determine l(-11).
-5
Let m(u) = -u - 2*u**3 + u**2 + 4*u**2 + 3*u**3 + 2 + 4*u. Let z be m(-4). Suppose 0 = -2*t - 0*t + z. Let s(b) = -b**3 + 5*b**2 - 3*b + 2. Determine s(t).
11
Suppose -21 = 3*z + 2*w, -2*w + 11 - 2 = -3*z. Let i be ((-36)/30)/(2/z). Let h(g) = -48*g**3 - 2*g**2 + 46*g**i + g**2. What is h(-2)?
12
Let p(b) = 7*b**2 - 28*b + 22*b + 9 - 2*b**2 - 4*b**2. Give p(6).
9
Let s be 12/30 - (-28)/(-20). Let d(a) = a**3 - a**2 - a - 1. Give d(s).
-2
Let o(d) = -d**2 - 4*d + 2. Let k(y) be the second derivative of y**3/3 + 3*y**2 + 11*y. Let i be k(-5). Give o(i).
2
Let k = -273 - -266. Let h(r) be the second derivative of r**3/6 - 3*r**2 + r. Give h(k).
-13
Let u(f) be the first derivative of f**5/60 - 5*f**4/24 - 19*f**3/3 - 14. Let s(d) be the third derivative of u(d). What is s(6)?
7
Suppose -y + 5 = 4. Let m(x) = -24*x**2 - 4*x - y + 25*x**2 + 7. Determine m(5).
11
Let p(r) = r**2 - 3 + r - 2*r**2 + 2*r**2. Let z = -11696 + 11693. Determine p(z).
3
Let z(q) be the second derivative of 5/6*q**4 + 13*q + 0 + 1/20*q**5 + 5/3*q**3 + 4*q**2. What is z(-9)?
-1
Let d be (-44)/6 - (-16)/48. Let z(r) = -2*r - 11. What is z(d)?
3
Let x(i) = -179 + 5*i + 182 + i**2 - 2*i**2 - 4*i**3 + 3*i**3. Suppose -s + 2*h = 3*h + 7, 2*s - 14 = 5*h. Give x(s).
6
Let k(c) = -c**2. Let h(s) = -6*s**2 - s + 2. Let v(i) = h(i) - 5*k(i). Suppose -2*g - 2 = -3*m - 4*g, -4*m + 2*g - 2 = 0. Calculate v(m).
2
Let t(p) be the third derivative of 0*p + 0 + 1/6*p**3 + 39*p**2 + 5/24*p**4 - 1/60*p**5. Determine t(5).
1
Let t(u) be the second derivative of -u**4/4 - u**3/6 - 4*u. Calculate t(1).
-4
Let i(m) be the third derivative of m**8/6720 + m**7